ed by 2?
0
Let r(d) = d**2 + 5*d - 4. Let l be r(-6). Suppose l*t + 2*t - 40 = 0. Suppose 21*a - 18*a = 57. Calculate the remainder when a is divided by t.
9
Suppose b - 2*a + 1 = -0, 5*a - 10 = 0. Let g = 11 - 3. What is the remainder when g is divided by b?
2
Suppose 3*v - 17 = 37. Let n = 4 - 2. Suppose -15 = -3*i - n*s, 3*s - 12 = -6*i + 3*i. Calculate the remainder when v is divided by i.
4
Let i = 56 + -38. Let v = -9 - -4. Let w = 75 + v. Calculate the remainder when w is divided by i.
16
Let w(i) = -i**3 - i**2 + 3*i + 3. Calculate the remainder when 23 is divided by w(-3).
11
Let o(v) = 18*v**3 - v**2 - v + 2. What is the remainder when 69 is divided by o(1)?
15
Suppose u + u - 52 = -4*f, -2*u + 70 = -5*f. What is the remainder when u is divided by 11?
8
Suppose -2*x - x + 32 = -2*u, 0 = 3*x - 4*u - 34. Calculate the remainder when x is divided by 2.
0
Let w be 16/6 - 4/6. Suppose c + 7 = 3*n - 4*c, 2*c - 8 = 0. Calculate the remainder when 25/(-4)*-2*w is divided by n.
7
Suppose 2*f + f = 15. Suppose 0 = -4*r + 7*r - 12. Suppose 4*m - 21 = -3*c + 8, r*m - c - 33 = 0. Calculate the remainder when m is divided by f.
3
Let t = 13 - 8. Suppose -t*a - 1 = -26. What is the remainder when 8 is divided by a?
3
Let d(t) = 2*t**2 + 3*t - 2. Let o be d(-3). Suppose 12*z - 60 = o*z. Calculate the remainder when 21 is divided by z.
9
Suppose 2*z = -8*z + 810. What is the remainder when z is divided by 21?
18
Suppose -4*b + 21 = y, 3*b - 2*b = 2*y - 6. Let j(o) = -o - 1. What is the remainder when j(-10) is divided by y?
4
Suppose 5*w = m - 86, -278 = -7*m + 3*m - 2*w. Calculate the remainder when m is divided by 40.
31
Let s(m) = -4*m - 1. Let v = -9 + 6. What is the remainder when 21 is divided by s(v)?
10
Let x(c) = 2*c**3 + c - 6. What is the remainder when x(4) is divided by 32?
30
Let n(g) = g**3 + 10*g**2 + 4*g + 5. Let x be n(-7). Let m = 174 - x. Calculate the remainder when m is divided by 26.
24
Let v(r) = 50*r - 1. Let l be v(2). What is the remainder when 28 is divided by (-92)/(-9) + (-22)/l?
8
Let r(y) = 0*y + y - 3*y - 9. Suppose -p + 28 = -5*p. What is the remainder when 14 is divided by r(p)?
4
Suppose -5*c + 0*c = -2*y - 28, 0 = 2*y + c + 4. What is the remainder when 55 is divided by y/18 + (-173)/(-9)?
17
Suppose 3*z - 4*r - 15 = 0, -z + 17 = z - 5*r. What is the remainder when (2/(-6))/((-8)/24) is divided by z?
0
Let t = -45 + 77. Calculate the remainder when t is divided by 17.
15
Suppose 0*a - 4*a = -12. Suppose -u - 5*s = -3, 3*s = -a*u + 15 - 6. What is the remainder when 25 is divided by (3 - u) + 18/2?
7
Suppose 5*r = -3*i + 23 + 84, 0 = r - 3*i - 7. Calculate the remainder when 92 is divided by r.
16
Let q(w) = -28*w - 2. Let b be q(-2). Suppose -86 - b = -4*r. Suppose 5*l = 41 + 49. Calculate the remainder when r is divided by l.
17
Let d be (18/(-24))/(2/8). Let s = 46 - d. Let u = 57 - 40. What is the remainder when s is divided by u?
15
Let v be ((-2)/(-6)*0)/1. Let j be (3 - (v - -3))/(-1). Let d = j - -11. Calculate the remainder when d is divided by 7.
4
Let o(m) = -m + 12. Suppose -8*s + 21 = -5*s. Suppose 0 = 3*q + k - 2*k - 24, 4*q = -2*k + 42. Calculate the remainder when q is divided by o(s).
4
Let t = 44 + 1. What is the remainder when t is divided by 12?
9
Let s(w) = -2*w - 1. Suppose -3 - 3 = 3*k. What is the remainder when 4 is divided by s(k)?
1
Let o(m) = -m**3 - 6*m**2 + m - 3. Let c be (-60)/8*4/5. Let s be o(c). Let q = 8 - s. What is the remainder when q is divided by 5?
2
Suppose 0 = -2*k - 2*k + 104. Suppose -2*f = 2*r + f + k, 4*r = 2*f - 52. Let a = -9 - r. Calculate the remainder when 6 is divided by a.
2
Let x(q) = q**3 - 7*q**2 + 2*q - 10. Let l be x(7). Suppose h = 3 + l. What is the remainder when 25 is divided by h?
4
Suppose 0 = -2*w - 4, -w = -0*y + 4*y - 38. What is the remainder when (348/(-7))/(-3) - (-87)/203 is divided by y?
7
Let c = 3 + -1. Let g(x) = 4*x**2 - x - 2*x + 1 + 0*x**2 - c*x**2. What is the remainder when 61 is divided by g(4)?
19
Let i = -7 - -15. Let p(y) = -2*y**3 - 2*y**2 + 3*y - 3. Let r be p(-3). Calculate the remainder when 1 + (-2 - 0) + r is divided by i.
7
Suppose t - 18 - 43 = 0. What is the remainder when t is divided by 21?
19
Let l be (3/2)/((-15)/(-20)). Calculate the remainder when 41 is divided by 192/8 + -5 + l.
20
Suppose 0 = -6*j + j + 200. Suppose 0 = -5*l + 3*v + 2*v + j, -l + 3*v = 0. Calculate the remainder when 46 is divided by l.
10
What is the remainder when 3*640/(-144)*12/(-5) is divided by 7?
4
Suppose -k - 201 = -3*i - 4*k, i = -4*k + 76. Suppose 4*m = -4*b + i, 11 = m + m - 5*b. What is the remainder when 37 is divided by m?
11
Suppose -5*t + 120 = -0*t + a, t - 2*a - 35 = 0. Calculate the remainder when t is divided by 9.
7
Suppose -2*b - 3*r + 71 = 0, -5*b + 0*r + 5*r + 140 = 0. Let k = 5 + 11. What is the remainder when b is divided by k?
15
Let y be 4/(-6) - 6/(-9). Suppose y = -3*j + 16 + 11. Calculate the remainder when 44 is divided by j.
8
Let f be ((-3)/4 + 0)*4. Calculate the remainder when 1 - f - -1*2 is divided by 4.
2
Suppose 5*i + 0*i - 4*a = 14, -4*i + 4 = -5*a. Let g = 25 - i. What is the remainder when 55 is divided by g?
17
Suppose n - 19 = -4*u, -2*n - 4*u = -37 - 5. Calculate the remainder when 91 is divided by n.
22
Let b(p) = p - 3. Let c be b(7). Suppose -c*j + 8 = -4. Suppose 0 = j*s - 4*u - 113, 6*s = s - 5*u + 235. Calculate the remainder when s is divided by 15.
13
Calculate the remainder when ((-1)/(-2))/(7/(-490)*-1) is divided by 19.
16
Let v be 32/15 + 14/(-105). Calculate the remainder when 22 is divided by (32 - v)*6/15.
10
Suppose -5*p = -4*p - 5*d - 18, -2*p = -5*d - 26. Let f(j) = 6*j - 11. Calculate the remainder when f(p) is divided by 10.
7
Let u(f) = -f + 2. Let w = 16 + -22. Calculate the remainder when u(w) is divided by 5.
3
Let l(k) = 3*k**3 + 4*k**2 - 4*k + 2. Let f be l(3). Suppose 5*o - f = -3*n, 4*n = 4*o - 0*o + 100. What is the remainder when n is divided by 16?
13
Suppose 190 = 20*o - 110. Let k(r) = -1. Let f(v) = -29*v + 5. Let w(u) = -f(u) - 4*k(u). What is the remainder when w(1) is divided by o?
13
Let t(j) = 2*j - 7. Suppose 5*z + 0 = 125. Suppose -5*p = -0 - z. What is the remainder when 7 is divided by t(p)?
1
Let s be -3*(2 - 11/3). Suppose -4*r - l = -120, -s*l = 2*r + 2*r - 136. What is the remainder when r is divided by 88/6 - 1/(-3)?
14
Let b(t) = 68*t**2 + 2*t - 2. Calculate the remainder when b(1) is divided by 23.
22
Let u be 74/6 - 2/6. Let b be (-8)/u + 70/6. Suppose 5*o - b = 4*o. What is the remainder when 21 is divided by o?
10
Let a(r) = -r**2 + 51. What is the remainder when 7 is divided by a(7)?
1
Let v = 104 + -36. Let x = 293 + -194. Suppose 2*b - 71 = -q, 5*b - x = q + v. Calculate the remainder when b is divided by 18.
16
Let y = 0 - -5. Suppose -34 = -2*a + 4*w - w, -y*a = -w - 72. What is the remainder when 27 is divided by a?
13
Suppose 0 = -2*s - 5*d + 4, 5*s - 10 = -4*d. Suppose -14 = -s*y - 4. Suppose -4*f = -3*h + 42, 0*h - y = h + 5*f. What is the remainder when 19 is divided by h?
9
Let t = 4 + -8. Let s be 2/4 + (-14)/t. What is the remainder when 2 is divided by 27/21 + s/(-14)?
0
Let p be ((-4)/10)/(9/(-45)). Suppose 0 = 3*u + 4*z - 82, -133 = -5*u - p*z - z. What is the remainder when u is divided by 15?
11
Suppose 3*y - 31 = 8. Suppose -4*c - 76 = 2*w, -y = c + 3*w + 11. Calculate the remainder when c/(-5)*80/12 is divided by 13.
11
Suppose 0*y + 3*y = 87. Let x(d) = -3*d - 2. Calculate the remainder when y is divided by x(-4).
9
Suppose -3*s - 11*z = -10*z - 75, 2*z = -3*s + 78. Let k = 21 - 8. What is the remainder when s is divided by k?
11
Let z(k) = -k**3 + 7*k**2 + k + 6. What is the remainder when (-256)/(-5) - 2/10 is divided by z(7)?
12
Let v(o) = o**2 + 3*o - 1. Let w be v(-3). Let s(b) = -6*b**3 - b**2 - 2*b - 1. What is the remainder when 14 is divided by s(w)?
2
Let d be (-3)/(0 - (3 + -2)). Suppose -4*h = d*i - 63, 3*i + 7 = h - 5. Suppose -2*t - 1 = -h. Calculate the remainder when 20 is divided by t.
6
Let z = 47 - 28. Let i(v) = -2*v - 11. Calculate the remainder when z is divided by i(-9).
5
What is the remainder when ((-2)/(-4))/((-1)/(-70)) is divided by 7 - 5 - -4 - -6?
11
Let g(v) = v + 14. Let n be g(-7). Let z = n